 -4*k + 16, -3*k = 2*h - 24227 + 2893. What are the prime factors of h?
7, 1523
Suppose -14 = m - 19. Suppose -7*y + m*v + 960 = -5*y, 4*v - 1394 = -3*y. What are the prime factors of y?
2, 5, 47
Suppose t - u = 31570, -281*u + 286*u - 31600 = -t. What are the prime factors of t?
3, 5, 421
Suppose 92 + 68 = 8*c. Suppose 4*y - c + 8 = -4*q, -11 = -3*q - 5*y. List the prime factors of 520/(-30)*(-9)/q.
2, 3, 13
Let h be -2 + -2 + 105 + 6 + -1. Let q = h - 85. Suppose 5*m + 4*c - 343 = -q, 0 = -c + 3. What are the prime factors of m?
2, 31
Suppose 5*m - 37 = 3*g, 3*m + 30 = 5*m - 5*g. Suppose 0 = -3*z + 4*x + 63, m*x + 110 = 13*z - 8*z. List the prime factors of z.
5
Let f = -25822 + 79810. What are the prime factors of f?
2, 3, 11, 409
What are the prime factors of (3 + 35/(-10))/((-2)/15384)?
2, 3, 641
Let f(z) = z**3 - 4*z**2 + 4*z - 13. Let m be f(4). Suppose -80 = -5*u - 5*j, 5*u + m*j = 4*u + 24. What are the prime factors of (12/(-36))/((-1)/u)?
2
Suppose l - 6363 = -3*c - 306, -3*l + 18191 = -c. What are the prime factors of l?
3, 43, 47
Suppose 3*t + 0*m - 666 = -3*m, -4*t + 4*m + 888 = 0. Let d = t + -152. Suppose -2*b = -4*b + d. What are the prime factors of b?
5, 7
Let o(x) = x**3 - 7*x**2 - x + 15. Let y be o(7). Suppose 9*q - 1394 = -y*q. Suppose 512 = 2*u + q. What are the prime factors of u?
5, 43
Let d(l) = 54*l**2 - 1084 + 1087 - 3*l - 19*l**2 + 62*l**2 - 21*l**2. List the prime factors of d(-4).
1231
Suppose 46*a + 2*v = 43*a + 5185, 4*a - 2*v - 6932 = 0. List the prime factors of a.
3, 577
Let x(r) = -140*r + 5238. List the prime factors of x(0).
2, 3, 97
Let z = -42 - -46. Let s be 0*((-14)/z + 3). Suppose -3*n + 27 + 279 = s. List the prime factors of n.
2, 3, 17
Let l be 1/1*8/1. Let u(n) = -3*n**2 + 5*n**2 - 98 - 10*n + 85. List the prime factors of u(l).
5, 7
Let r = 808 + 1432. Suppose 4*k = -4*j + r, 0 = 2*j - 3 + 11. What are the prime factors of k?
2, 3, 47
Suppose 4*x - 715 = -5*m, 2*x - 12*m - 365 = -7*m. Suppose -x = 3*j - 5*j. List the prime factors of j.
2, 3, 5
Let i = 7490 - -119. What are the prime factors of i?
7, 1087
Suppose 0 = -104*m + 64*m + 689000. List the prime factors of m.
5, 13, 53
Suppose 145*s - 143*s - 22435 = -5*c, 22450 = 2*s + 2*c. What are the prime factors of s?
2, 5, 1123
Let u be 94/(-235)*(-3)/2*10. Let p(d) = 20*d**2 - 2*d + 53. What are the prime factors of p(u)?
761
Let u(i) = 1752*i + 480. List the prime factors of u(14).
2, 3, 521
Let i(b) = b**3 + b**2 - b - 5. Let p be i(0). Let d = 10 + p. Suppose -x - 2*x = -3, d*o = 4*x + 411. List the prime factors of o.
83
Suppose l + 9 = 2*m, -5*m = -l - 28 + 7. Suppose 68 - 20 = -m*z. List the prime factors of z/24 - 658/(-4).
2, 41
Let h(t) = 28*t**2 - 23*t - 173. List the prime factors of h(-7).
2, 5, 17
Let b be 4 + -1 - (11 - 8) - -5. Let t be b/(-20) - 198/8. Let p = t - -102. List the prime factors of p.
7, 11
Suppose 31 = -9*z + 4. Let l(p) be the second derivative of -3*p**5/20 + p**4/12 - 2*p**3/3 - 11*p**2/2 + 25*p. What are the prime factors of l(z)?
7, 13
List the prime factors of 42/4*(-2582728)/(-678).
2, 7, 2857
Let w = 4297 - 3918. List the prime factors of w.
379
Suppose 0*z + 49 = 7*z. Suppose -11*r + z*r - 520 = 0. Let q = -96 - r. What are the prime factors of q?
2, 17
Let i(x) = -34*x + 4. Suppose -2*k = -k + 8. Let u be i(k). Suppose 5*g = g + u. List the prime factors of g.
3, 23
Let b be 76/(-8) + 4/24*-3. Let c be (b/30)/(1/12). Let m(g) = -g**3 + 4*g**2 - 5*g - 9. What are the prime factors of m(c)?
139
Suppose 36*r + 1153568 = 47*r + 107*r. List the prime factors of r.
2, 13, 47
What are the prime factors of (2 - -27596) + 18 + -3 + -17?
2, 6899
Let t(p) = p**2 - 8*p + 16. Suppose 83*o - 16 = 81*o. Let n be t(o). What are the prime factors of 8/n*(-1 + 163)?
3
Suppose 13*w + 9744 = 21*w. Suppose -9*z = -312 - w. List the prime factors of z.
2, 5, 17
Let x = 4236 - -11651. What are the prime factors of x?
15887
Let s(b) = 56*b**3 - 2*b - 3. Let c be s(-1). Let k = c + 190. List the prime factors of k.
7, 19
Let n(q) = -3*q**3 - 12*q - 30. Let g = 141 + -146. What are the prime factors of n(g)?
3, 5
Let n be (514/4 + 3)*2. Let q = 978 - n. What are the prime factors of q?
5, 11, 13
Let j(u) = 3*u**3 + 219*u**2 + 122*u - 58. List the prime factors of j(-71).
2, 47, 229
Let a = 49245 - 14290. Suppose 61*l - a = 44589. List the prime factors of l.
2, 163
Suppose -114*j + 1641133 = -3676324 + 600593. What are the prime factors of j?
2, 3, 431
Let s(w) = 37*w + 5. Let c(v) = -56*v - 7. Let b(p) = 5*c(p) + 8*s(p). Let a = -531 - -534. What are the prime factors of b(a)?
53
Let h(t) = -48*t**2 - 12*t + 7. Let w(l) = -49*l**2 - 15*l + 6. Let y(x) = -7*h(x) + 6*w(x). List the prime factors of y(-4).
683
Let l(x) = 4*x**3 - 20*x**2 + 15*x - 33. Let f(p) = p**3 - 5*p**2 + 4*p - 8. Let t(v) = 9*f(v) - 2*l(v). List the prime factors of t(9).
2, 3, 31
Let z(r) be the second derivative of -r**4/4 - 50*r**3/3 + 47*r**2/2 + 23*r. What are the prime factors of z(-19)?
2, 3
Let w(z) = z**3 + 8*z**2 + 16*z + 7. Let a be w(-5). Suppose -2*x - 10 = -2*g + 12, -2*x - 2*g = a. List the prime factors of (-11)/3*(1170/5)/x.
11, 13
Let m = 21942 - 14467. List the prime factors of m.
5, 13, 23
Suppose -3*q + q = -2*f + 136, 5*f + 244 = -3*q. Let z be (53/((-636)/(-72)))/((-6)/20). Let n = z - q. List the prime factors of n.
53
What are the prime factors of ((-15)/3)/(-3 - 2562/(-855))?
3, 5, 19
Let u(h) = h**2 + 22*h - 1137. List the prime factors of u(-58).
3, 317
Let q = 177 + -83. Let i = 97 - q. Suppose 0 = i*d - 160 + 49. What are the prime factors of d?
37
Let r = 2314 - -20292. List the prime factors of r.
2, 89, 127
List the prime factors of (-793950)/(-45) + (6/9 + -1)/1.
3, 5881
Let x(m) = -34*m + 14. Suppose -4*l + 6 = -2. Suppose -j = j - 4*o + 26, -2*j - l*o = 2. List the prime factors of x(j).
2, 23
Let b be (-2)/(-17) + 1188/(-561). What are the prime factors of -18*b/((-24)/(-570))?
3, 5, 19
Suppose -156 = -15*q - 63*q. Suppose -j - r = 0, 0 = 2*j - 0*j - 5*r - 28. What are the prime factors of (-12)/(j + -5) - q?
2, 5
Suppose 0 = 8*v - 119108 - 860. What are the prime factors of v?
2, 23, 163
Suppose -19*u + 72 = 5*u. List the prime factors of 1/u*-199*-3.
199
Suppose -6*h + 16772 = -1180. What are the prime factors of h/8 + (3 - 2)*1?
3, 5
Suppose 5*n = -h - 3, 0 = 3*h - 0*n - n - 7. Suppose h*k + m = k + 72, 0 = k + 2*m - 69. What are the prime factors of k?
3, 5
Let i be 5 - (-1173 + 0 + (-3 - -2)). Suppose 6*h + 129 = i. What are the prime factors of h?
5, 7
Let l be (-102)/8*(-36)/(-54)*-54. Suppose 14*o - 3*x = 12*o + l, 4*o - 910 = -2*x. What are the prime factors of o?
2, 3, 19
Let w be 2278989/108 - 3/4. Suppose 36*v - w = 6043. What are the prime factors of v?
2, 13, 29
Suppose 3*f = -2*c + 26142, -c - 22*f + 13057 = -17*f. What are the prime factors of c?
3, 1453
Suppose 0 = p - 17*p + 80. Suppose 0 = -5*s - 2*q + 23, -3*s + p*q = s - 25. What are the prime factors of s?
5
Suppose 3*b - 128 = 4*m, -2*b = 2*m - 29 - 47. Suppose 0 = 46*d - b*d - 792. Let w = 151 - d. What are the prime factors of w?
19
Suppose 2*y - 197 = -3*i + 4*i, 4*i + 4*y + 836 = 0. List the prime factors of 2/(-5) - 30422/i.
2, 37
Let p(l) = 22*l - 93. Let u = -40 + 51. List the prime factors of p(u).
149
Let y(k) be the first derivative of 4*k**3/3 - 2*k**2 - 3*k - 1. Let r = 1236 + -1232. What are the prime factors of y(r)?
3, 5
Suppose -d + 14 = 3*u, -4*d + 0*u + 12 = u. Suppose -v = -5*x + 2677, d*x = -2*x - 3*v + 2134. List the prime factors of x.
5, 107
Let o(h) be the first derivative of 16*h**3 + 3*h**2/2 - 9*h - 179. What are the prime factors of o(5)?
2, 3, 67
Suppose -16*s + 672315 = -124277. What are the prime factors of s?
49787
Let t(z) = -29*z**3 - 10*z**2 - 44*z - 249. What are the prime factors of t(-8)?
11, 1301
Suppose 6*b + 4099 - 30955 = 0. Suppose 4*h - 10*h = -b. What are the prime factors of h?
2, 373
Suppose 10*k = -255 + 2665. Suppose 0 = -3*u - 3*q + 1023, 1991 = 5*u + q + 274. Let w = u - k. List the prime factors of w.
103
Let x = -11104 + 18354. What are the prime factors of x?
2, 5, 29
Let q(y) = -11*y**2 - 471*y + 15. What are the prime factors of q(-41)?
5, 167
Suppose 8 = -u - 2*h + 94, -4 = -4*h. Let j = 